prime factors of g?
2, 3
Let z = -8 - -11. Suppose 0 = -j + 9 - z. What are the prime factors of -1 - -4 - (-144)/j?
3
Suppose -23 = 5*r - 2*i + 8, -4*r - 4*i - 8 = 0. Let q(n) be the first derivative of n**4/4 + 5*n**3/3 - n**2/2 - n + 98. What are the prime factors of q(r)?
2
Let z be 0 + 4*2/4 + 147. Suppose 3*n - 3*c = 483, 2*n - 3*n - 5*c = -z. List the prime factors of n.
3, 53
Let g(s) = 2*s**3 - s**2 + 3*s - 3. Let t be (0 - 2)*(3 - 4). Suppose -6*p + 7*p + 5*k - t = 0, 4*p - 3*k - 8 = 0. What are the prime factors of g(p)?
3, 5
Suppose 4*g = 2*i + 4 + 4, 2*i - 3*g = -6. Suppose i = -2*p - 1 - 9. Let y(u) = -u**3 - 6*u**2 - 4*u + 8. List the prime factors of y(p).
3
Let v(r) = 8*r**2 + 2*r + 2. Let f be v(-1). Let b = f - -102. What are the prime factors of b?
2, 5, 11
Suppose -f + 1 = 0, 2*t + 4*f - 306 = -0*t. What are the prime factors of t?
151
Let p(n) = -2 + 2 - 27*n + 25*n + 1 + 135*n**2. List the prime factors of p(1).
2, 67
Let i(k) = -k**3 - 32*k**2 - 37*k + 88. What are the prime factors of i(-31)?
2, 137
Suppose 0*i - 46 = -4*i - f, 5*f = -5*i + 50. Suppose 0 = 3*m - 36 - i. Suppose 3*v - 47 - m = 0. What are the prime factors of v?
3, 7
Suppose 265*s - 262*s - 5514 = 0. List the prime factors of s.
2, 919
Let n(o) = 7*o + 2. Let v be n(0). Suppose 2*q - 340 = -3*p, -3*q = -v*q + p - 171. What are the prime factors of q?
173
List the prime factors of 8 + -3 + 7/((-14)/(-3468)).
37, 47
Let j be (-48)/9*((-36)/(-16) - 3). Suppose j*g - 7*t = -8*t + 80, -3*t - 40 = -2*g. List the prime factors of g.
2, 5
Suppose -5*u + 3*u - 6672 = 0. List the prime factors of u/(-20) - (-3)/(-30)*-2.
167
Let d(q) = 41*q**3 + q**2 - 1. Let b be d(-1). Let m = 37 + b. Let h(x) = -18*x - 4. List the prime factors of h(m).
2, 17
Let f be (1 - 1) + 3 + -2. Suppose -4*p + f = -7. Suppose -3*l = -p*l - 25. List the prime factors of l.
5
Suppose 4*q + 2 = -6, 3*l - 3*q = 1410. What are the prime factors of l?
2, 3, 13
Let w(q) = q**3 + q**2 - q + 1. Let z(t) = -t**2 + 3*t + 2. Let j(b) = w(b) - z(b). Let f = -115 - -112. What are the prime factors of j(f)?
2
Let g be -3*(-1 - 69/(-9)). Let u be (-1)/(-5) + g/(-25). Suppose -3*x + 19 = u. List the prime factors of x.
2, 3
Let t(s) = 2*s**2 - 11*s - 14. Let v be (-162)/(-16) - (-3)/(-24) - -4. List the prime factors of t(v).
2, 7
Let k be (2 + -3)*1 - -35. Let j(w) = 6*w - 4. Let r be j(3). Suppose -4*b + k = -4*c - r, -4*b - 3*c + 55 = 0. List the prime factors of b.
13
Let j(o) = 16*o**2 - o - 3. Let m be j(-3). Let a = m + -50. List the prime factors of a.
2, 47
Suppose 3*x = -7*x + 120. Let a(k) = -k + 1. Let q be a(0). List the prime factors of -7 + 8 + (x - q).
2, 3
List the prime factors of 2/(-9) + (-10500)/(-108).
97
Suppose -11*s = -7*s - 288. Suppose b - s = -b. Let t = b + -7. What are the prime factors of t?
29
Let o(j) = -2*j**2 - 6*j. Let x be o(-4). Let m = 8 + x. Suppose 5*b + 7 - 117 = m. What are the prime factors of b?
2, 11
Suppose 496 = f + 3*i, 2 = i + 5. List the prime factors of f.
5, 101
Suppose 0 = 5*d + 4*q - 67, 0 = d - 4*q + 3*q - 8. Let t = d + -6. Suppose 2*h - 6*h - 5*m + 41 = 0, 0 = -5*h + t*m - 5. List the prime factors of h.
2
Suppose 5*c - 3*c = 4. Let j(a) = 2*a**3 - 4 + 0*a**3 + 3*a + 1 - a**2. List the prime factors of j(c).
3, 5
Let z(p) = 8*p**2 - 16*p - 24. Let v be z(12). Suppose -7*g = 5*g - v. List the prime factors of g.
2, 3, 13
Let v(b) = 122*b**2 - 2. Suppose -8*m - 8 + 0 = 0. List the prime factors of v(m).
2, 3, 5
Suppose 0 = -0*q - 2*q. Suppose 5*x + 5 - 20 = q. Suppose -12 = -2*v - a, x*v = -4*a - 0*a + 13. List the prime factors of v.
7
Let z be (3/9 - 1)/(6/54). What are the prime factors of -1 - z/(12/214)?
2, 53
Suppose 11*b = -8*b + 54910. What are the prime factors of b?
2, 5, 17
Suppose 0 = 11*t - 32*t + 189. List the prime factors of t.
3
Suppose 2*i - 4*n - 54 = 0, -74 - 37 = -5*i + 4*n. Let c = 49 - i. What are the prime factors of c?
2, 3, 5
Let x = 8 + -6. Let r be (3/(-2))/((-4)/8). Suppose r = x*a - 39. What are the prime factors of a?
3, 7
Let t be (0 + 3)*(-6)/(-9). Suppose 3*k - 143 - 271 = -t*a, 3*k - 4*a - 396 = 0. What are the prime factors of k?
2, 17
Let y = 1550 - 469. List the prime factors of y.
23, 47
Let a = -2 + 7. Let o(n) = -7*n - 1. Let b(v) = 14*v + 1. Let h(w) = -4*b(w) - 9*o(w). What are the prime factors of h(a)?
2, 5
Suppose -4*o = -34 - 2. Let h = 81 - 73. Let c = h + o. List the prime factors of c.
17
Let h = -4 + 9. Let q = 191 + -175. Suppose h*n = l - q, l + 0*l = -3*n. List the prime factors of l.
2, 3
Let t(h) = 5*h**2 - 18*h + 15. List the prime factors of t(8).
191
Suppose -4*j - 5*p - 5 = 28, 3*j + 25 = -4*p. List the prime factors of -5*2/10*(j + -265).
2, 17
Suppose 3*m = 2*d + 420 - 2053, -2*d = 3*m - 1615. List the prime factors of d.
2, 7, 29
Suppose 5*w = -0*j - j - 4, -2*w + 4 = -j. Let z = j + 7. List the prime factors of z.
3
Suppose 0 = -5*j + 20. Let w = j + -1. Suppose -5*d + w*d = -56. What are the prime factors of d?
2, 7
Suppose 3*l + 5*v = -l + 16, -2*l + 8 = -4*v. Suppose 4*f - 2*f = l. Let h = 40 - f. List the prime factors of h.
2, 19
Let c = -190 - -367. Suppose 6*a - c = -33. What are the prime factors of a?
2, 3
Suppose 6 = 5*k + 4*x + 2, -k - x + 1 = 0. Suppose 0 = -4*g + 12, k = -3*v - 0*v - 3*g + 39. List the prime factors of v.
2, 5
Let m = -518 - -1469. List the prime factors of m.
3, 317
List the prime factors of 8/((-168)/(-26887)) + 6/9.
3, 7, 61
List the prime factors of (-36)/90 - 6134/(-10).
613
Let b be -3*6/27*(9 + 0). What are the prime factors of (-1 + b)/(-7 - (-1200)/172)?
7, 43
Suppose -2*w + 5*y = -4109, -4*w - 3*y + 5*y + 8242 = 0. List the prime factors of w.
2, 1031
Suppose 0*q - 84 = -28*q. Suppose 4*g = -4*v + 60, -2*v + g = 6*g - 24. Suppose w = q*m + 19, m + 3*m = w - v. What are the prime factors of w?
5
Let u = -66 - -100. Suppose -2*z + u = -0*z. Suppose -5*k + z + 8 = 0. List the prime factors of k.
5
List the prime factors of 6/(-16) + 10412/32.
5, 13
Let g(n) = -15*n - 3. Let w = -12 - -9. List the prime factors of g(w).
2, 3, 7
Let y = 657 + 103. What are the prime factors of y?
2, 5, 19
Let q be (7/56)/((-6)/(-48)). Let y(z) = 1 + 0 + 14*z**2 + 5*z**2. List the prime factors of y(q).
2, 5
Suppose 19*z - 20*z = -318. What are the prime factors of z?
2, 3, 53
Suppose -167*m + 1185 = -152*m. List the prime factors of m.
79
Let d be ((-27)/6)/((-9)/(-12)). What are the prime factors of d/10 + (-5564)/(-65)?
5, 17
Let u(o) be the third derivative of o**6/60 + o**5/15 - o**4/8 + o**3/2 + 7*o**2. Let l be u(3). Suppose 0*v = -2*v + l. What are the prime factors of v?
2, 3, 7
Let r be (-4)/(-8)*(5 - 1). Let v be (58 + -2 + r)/2. Suppose -4*n + 3*j = 3 - 0, 3*n + 4*j - v = 0. What are the prime factors of n?
3
Let d = 146 + -72. What are the prime factors of d?
2, 37
Let o(r) = 10*r + 1. Let d be o(1). Let q be 143/d + (-1 - 1). Suppose 4*s + q - 59 = -4*x, -4*x = 5*s - 48. What are the prime factors of x?
2, 3
Suppose 198 = -3*b + 2*h - 728, 1510 = -5*b - 5*h. What are the prime factors of 30/45*b/(-4)?
3, 17
Let n = 730 - -234. What are the prime factors of n?
2, 241
Suppose 68*r + 60 = 71*r + 3*s, -3*s = -3*r + 78. List the prime factors of r.
23
Let p(t) = -t**3 - 6*t**2 + 7*t + 5. Let s be p(-7). Suppose 0 = -2*j + s*j - 2*d - 4, 5*j - 5*d = 5. Suppose 21 = j*i - 37. List the prime factors of i.
29
Let v(r) = 7 + 3*r - 22*r - 4. List the prime factors of v(-3).
2, 3, 5
Let a = 4629 + -3085. Let c be 10/(-35) + a/14. Suppose -5*j - c = -10*j. List the prime factors of j.
2, 11
Let c = 1754 - 1224. What are the prime factors of c?
2, 5, 53
Let h(f) = 2*f**2 + 5*f + 11. Let o be h(-9). What are the prime factors of (-4 + (-4 - o))/(-2)?
2, 17
Suppose 4*b - 2*b - 3*m = 0, 4*b - 4*m = 8. Suppose 5*a + b = 1. What are the prime factors of ((-36)/(-10))/(a/(-5))?
2, 3
Suppose -h + 2*z + 3322 = 0, -47*h + 2*z + 13318 = -43*h. List the prime factors of h.
2, 7, 17
List the prime factors of (1052 + 0)/(-5 - -6).
2, 263
Let j = 26 - 40. Let p be (-1)/(-2) - 21/j. Suppose -3*w + 22 = 2*x - 38, -p*w + 8 = 0. List the prime factors of x.
2, 3
Suppose 0 = -w + 5*m - 10*m - 64, 0 = -5*w - 4*m - 341. Let n = 84 - w. List the prime factors of n.
3, 17
Let b = -919 -